ide 1091395?
False
Does 1096 divide 2529534?
False
Is 29 a factor of 623413?
True
Is 272 a factor of 7197120?
True
Is 17 a factor of 5308573?
True
Is 1145540 a multiple of 14?
False
Does 24 divide 1298813?
False
Is 82632 a multiple of 4?
True
Does 178 divide 10105950?
True
Is 355 a factor of 315774?
False
Is 173 a factor of 13204665?
False
Is 12223600 a multiple of 168?
False
Is 4 a factor of 16080?
True
Is 1153822 a multiple of 30?
False
Does 15 divide 2711460?
True
Is 15 a factor of 42750?
True
Is 224221 a multiple of 42?
False
Is 78 a factor of 485349?
False
Is 36935 a multiple of 5?
True
Does 229 divide 28798?
False
Is 11 a factor of 364581?
False
Does 754 divide 6804868?
False
Is 185448 a multiple of 12?
True
Is 98 a factor of 6560512?
True
Does 277 divide 1484997?
True
Does 403 divide 112443?
False
Is 22185 a multiple of 39?
False
Is 12 a factor of 14136?
True
Is 14307314 a multiple of 120?
False
Is 8 a factor of 377408?
True
Does 8 divide 929336?
True
Is 51 a factor of 3466521?
True
Is 146 a factor of 942284?
True
Does 72 divide 11097288?
True
Is 3549689 a multiple of 103?
True
Is 61 a factor of 344528?
True
Is 13 a factor of 15509?
True
Is 139 a factor of 23554?
False
Is 33495 a multiple of 165?
True
Does 384 divide 1934976?
True
Is 2435496 a multiple of 392?
True
Is 22824 a multiple of 18?
True
Is 1383120 a multiple of 30?
True
Is 87616 a multiple of 4?
True
Is 485903 a multiple of 163?
True
Is 1160058 a multiple of 13?
False
Does 107 divide 10950744?
False
Is 1802708 a multiple of 44?
False
Is 143 a factor of 3471198?
False
Is 6 a factor of 343233?
False
Is 29 a factor of 15394?
False
Is 1377744 a multiple of 8?
True
Is 39 a factor of 121188?
False
Does 1322 divide 6247021?
False
Is 136005 a multiple of 13?
False
Is 168 a factor of 6342168?
True
Is 57 a factor of 400254?
True
Is 4 a factor of 150308?
True
Is 1009333 a multiple of 30?
False
Is 3 a factor of 533574?
True
Does 47 divide 13724?
True
Is 374364 a multiple of 392?
False
Is 3525616 a multiple of 16?
True
Does 9 divide 819337?
False
Is 96720 a multiple of 16?
True
Does 5 divide 78108?
False
Is 142 a factor of 7303486?
True
Does 7 divide 154147?
True
Is 4327 a multiple of 55?
False
Is 1178609 a multiple of 65?
False
Is 5482 even?
True
Does 17 divide 1171710?
False
Does 77 divide 764841?
True
Is 1383138 a multiple of 774?
True
Is 42 a factor of 295175?
False
Is 1657750 a multiple of 139?
False
Does 38 divide 497245?
False
Does 81 divide 719280?
True
Does 92 divide 3157256?
True
Does 304 divide 3551065?
False
Is 21 a factor of 99275?
False
Is 282704 a multiple of 16?
True
Does 26 divide 38965?
False
Does 1704 divide 2968791?
False
Is 58 a factor of 3792678?
True
Is 94 a factor of 908775?
False
Is 4 a factor of 28176?
True
Is 547 a factor of 392557?
False
Is 2949892 a multiple of 22?
True
Is 19 a factor of 313720?
False
Does 20 divide 179080?
True
Does 19 divide 7891270?
True
Does 306 divide 6856872?
False
Is 178082 a multiple of 330?
False
Is 104397 a multiple of 13?
False
Is 1780315 a multiple of 137?
True
Is 527440 a multiple of 20?
True
Is 5994749 a multiple of 996?
False
Does 13 divide 81658?
False
Is 935118 a multiple of 27?
True
Is 5058566 a multiple of 138?
False
Is 872405 a multiple of 678?
False
Does 19 divide 2439604?
False
Is 4335310 a multiple of 37?
False
Does 8 divide 206108?
False
Does 39 divide 286994?
False
Is 9 a factor of 172413?
True
Is 214945 a multiple of 31?
False
Is 83652 a multiple of 13?
False
Is 7336226 a multiple of 61?
True
Is 10939 a multiple of 21?
False
Is 78 a factor of 152490?
True
Is 2 a factor of 2042853?
False
Does 14 divide 57386?
True
Is 231840 a multiple of 69?
True
Is 120 a factor of 1249573?
False
Does 28 divide 397747?
False
Is 90811 a multiple of 37?
False
Does 42 divide 82446?
True
Does 30 divide 1243650?
True
Is 56 a factor of 2267766?
False
Is 11 a factor of 13837?
False
Is 26228 a multiple of 83?
True
Does 6 divide 11208498?
True
Does 58 divide 69948?
True
Does 93 divide 1674930?
True
Does 713 divide 1010304?
False
Is 5615772 a multiple of 138?
True
Is 927660 a multiple of 17?
False
Does 15 divide 11904865?
False
Is 272625 a multiple of 9?
False
Is 2038634 a multiple of 13?
True
Does 706 divide 3991724?
True
Is 1497411 a multiple of 153?
True
Does 14 divide 82005?
False
Is 1264917 a multiple of 99?
False
Is 161 a factor of 10459247?
False
Does 10 divide 902667?
False
Does 41 divide 109101?
True
Does 216 divide 236952?
True
Is 7 a factor of 4235?
True
Is 16830732 a multiple of 76?
True
Does 4 divide 105764?
True
Does 17 divide 175609?
False
Is 30 a factor of 62670?
True
Is 120750 a multiple of 125?
True
Is 4523192 a multiple of 36?
False
Does 53 divide 379882?
False
Is 60848 a multiple of 221?
False
Is 64514 a multiple of 6?
False
Is 10366368 a multiple of 32?
True
Does 424 divide 448071?
False
Does 46 divide 6440368?
True
Is 363528 a multiple of 136?
True
Does 86 divide 154370?
True
Does 53 divide 1058251?
True
Is 388953 a multiple of 85?
False
Is 41 a factor of 38499?
True
Is 17 a factor of 79665?
False
Is 326468 a multiple of 15?
False
Is 12869198 a multiple of 50?
False
Does 49 divide 328251?
True
Does 13 divide 760401?
False
Is 46 a factor of 2034211?
False
Does 410 divide 43870?
True
Does 4 divide 102580?
True
Does 115 divide 131708?
False
Is 11 a factor of 25188064?
True
Does 60 divide 9823260?
True
Is 624 a factor of 673698?
False
Is 329301 a multiple of 8?
False
Does 15 divide 7682910?
True
Does 60 divide 1260849?
False
Does 13 divide 11235848?
True
Does 43 divide 10405264?
False
Is 270 a factor of 639453?
False
Is 278043 a multiple of 239?
False
Is 48 a factor of 227075?
False
Does 180 divide 7145280?
True
Does 17 divide 106768?
False
Does 26 divide 31928?
True
Is 892276 a multiple of 154?
True
Does 47 divide 14972696?
True
Is 14 a factor of 330601?
False
Is 31 a factor of 1244960?
True
Is 1499258 a multiple of 122?
True
Is 12 a factor of 28968?
True
Does 280 divide 152637?
False
Is 1255999 a multiple of 159?
False
Is 13 a factor of 57071?
False
Does 269 divide 12018712?
False
Is 1142320 a multiple of 149?
False
Does 108 divide 560882?
False
Is 290 a factor of 64670?
True
Is 14 a factor of 23422?
True
Does 17 divide 1611702?
True
Does 18 divide 37624?
False
Is 110 a factor of 434280?
True
Is 346 a factor of 324227?
False
Is 12 a factor of 3838155?
False
Does 114 divide 2841792?
True
Is 2162055 a multiple of 15?
True
Is 718515 a multiple of 5?
True
Is 9416786 a multiple of 279?
False
Is 14289966 a multiple of 16?
False
Is 402 a factor of 118188?
True
Does 15 divide 260130?
True
Is 1526875 a multiple of 130?
False
Is 475 a factor of 419425?
True
Does 5 divide 357356?
False
Is 418 a factor of 8385080?
True
Is 367604 a multiple of 4?
True
Is 98 a factor of 504308?
True
Is 7648 a multiple of 8?
True
Is 194970 a multiple of 194?
True
Does 599 divide 1032676?
True
Is 228701 a multiple of 137?
False
Does 195 divide 133185?
True
Is 3 a factor of 94761?
True
Does 259 divide 3397427?
False
Does 1474 divide 595496?
True
Is 2396200 a multiple of 8?
True
Does 6 divide 136230?
True
Is 104 a factor of 215937?
False
Is 16566 a multiple of 33?
True
Is 4570464 a multiple of 1115?
False
Is 108565 a multiple of 5?
True
Is 70 a factor of 10265500?
True
Is 757440 a multiple of 60?
True
Is 5 a factor of 221151?
False
Is 9767429 a multiple of 66?
False
Is 20 a factor of 3352040?
True
Does 13 divide 158054?
True
Is 130 a factor of 235874?
False
Is 43 a factor of 4621167?
True
Is 1007 a factor of 5933107?
False
Is 79170 a multiple of 11?
False
Does 17 divide 440735?
False
Does 362 divide 1287996?
True
Is 16144 a multiple of 4?
True
Is 22534 a multiple of 6?
False
Is 13 a factor of 5141806?
False
Is 62 a factor of 6513005?
False
Is 507762 a multiple of 18?
True
Does 62 divide 135284?
True
Is 1043711 a multiple of 820?
False
Does 45 divide 21541214?
False
Does 1206 divide 3452778?
True
Is 1889316 a multiple of 13?
True
Is 461 a factor of 60391?
True
Is 564 a factor of 882096?
True
Does 34 divide 1225406?
False
Is 158 a factor of 1057494?
True
Is 467 a factor of 73319?
True
Does 64 divide 1779616?
False
Is 371184 a multiple of 48?
True
Is 9 a factor of 3176931?
False
Is 27 a factor of 1737288?
True
Does 12 divide 427260?
True
Is 11740587 a multipl